{"id":622,"date":"2024-03-15T05:38:46","date_gmt":"2024-03-15T05:38:46","guid":{"rendered":"https:\/\/awesome-noyce.34-154-125-132.plesk.page\/?post_type=product&#038;p=622"},"modified":"2024-03-19T08:32:13","modified_gmt":"2024-03-19T08:32:13","slug":"cupin-di-sugo-ai-funghi-porcini-180g","status":"publish","type":"product","link":"https:\/\/awesome-noyce.34-154-125-132.plesk.page\/index.php\/prodotto\/cupin-di-sugo-ai-funghi-porcini-180g\/","title":{"rendered":"Cupin di Sugo ai Funghi Porcini 180g"},"content":{"rendered":"<ul>\n<li>Ingredienti: Funghi Porcini 30% (Boletus Edulis), Pomodoro, cipolla, olio extravergine di oliva, sale, aglio, pepe.<\/li>\n<li>Garanzia e Recesso: Se vuoi restituire un prodotto entro 14gg dal ricevimento perch\u00e9 hai cambiato idea consulta la nostra pagina FAQ. Se hai ricevuto un prodotto difettoso o danneggiato consulta la nostra pagina FAQ per la Garanzia Legale.<\/li>\n<li>Valori Nutrizionali per 100Gr: Valore Energetico 84 Kcal; 347Kj; Grassi 6,9 g di cui saturi 0,9 g; Carboidrati 5g di cui zuccheri 2,5g; Proteine 1,3 g; Sale 1,2 g.<\/li>\n<li>Conservazione: Conservare in luogo fresco e asciutto lontano da fonti di calore. Una volta aperta conservare in frigorifero e consumare entro 5 giorni. Shelf Life 36 mesi dalla data di confezionamento.<\/li>\n<\/ul>\n","protected":false},"excerpt":{"rendered":"<p>Il Sugo ai Porcini \u00e8 un prodotto della cucina classica.<br \/>\nSi \u00e8 da sempre fatto apprezzare per il gusto e la semplicit\u00e0 della ricetta, che offre per\u00f2 sapori e aromi molto accattivanti.<br \/>\nE&#8217; indicato sia per preparare pasta corta o lunga, sia per i Crostini e antipasti in generale. Pu\u00f2 essere utilizzato anche per guarnire scaloppine e polenta e da sempre un ottimo risultato in cucina.<br \/>\nTutti i nostri prodotti sono senza conservanti, senza addensanti, senza glutammato o altri esaltatori di sapidit\u00e0. Senza glutine.<br \/>\nVasetto da 180g<\/p>\n","protected":false},"featured_media":654,"template":"","meta":{"content-type":""},"product_cat":[29,59],"product_tag":[],"giftcard-category":[],"class_list":["post-622","product","type-product","status-publish","has-post-thumbnail","hentry","product_cat-salato","product_cat-sughi"],"_links":{"self":[{"href":"https:\/\/awesome-noyce.34-154-125-132.plesk.page\/index.php\/wp-json\/wp\/v2\/product\/622","targetHints":{"allow":["GET"]}}],"collection":[{"href":"https:\/\/awesome-noyce.34-154-125-132.plesk.page\/index.php\/wp-json\/wp\/v2\/product"}],"about":[{"href":"https:\/\/awesome-noyce.34-154-125-132.plesk.page\/index.php\/wp-json\/wp\/v2\/types\/product"}],"wp:featuredmedia":[{"embeddable":true,"href":"https:\/\/awesome-noyce.34-154-125-132.plesk.page\/index.php\/wp-json\/wp\/v2\/media\/654"}],"wp:attachment":[{"href":"https:\/\/awesome-noyce.34-154-125-132.plesk.page\/index.php\/wp-json\/wp\/v2\/media?parent=622"}],"wp:term":[{"taxonomy":"product_cat","embeddable":true,"href":"https:\/\/awesome-noyce.34-154-125-132.plesk.page\/index.php\/wp-json\/wp\/v2\/product_cat?post=622"},{"taxonomy":"product_tag","embeddable":true,"href":"https:\/\/awesome-noyce.34-154-125-132.plesk.page\/index.php\/wp-json\/wp\/v2\/product_tag?post=622"},{"taxonomy":"giftcard-category","embeddable":true,"href":"https:\/\/awesome-noyce.34-154-125-132.plesk.page\/index.php\/wp-json\/wp\/v2\/giftcard-category?post=622"}],"curies":[{"name":"wp","href":"https:\/\/api.w.org\/{rel}","templated":true}]}}